me factors of 57786.
2, 3, 9631
What are the prime factors of 2334?
2, 3, 389
What are the prime factors of 156244?
2, 11, 53, 67
List the prime factors of 187.
11, 17
List the prime factors of 74866.
2, 11, 41, 83
What are the prime factors of 27854?
2, 19, 733
What are the prime factors of 544?
2, 17
List the prime factors of 310.
2, 5, 31
What are the prime factors of 1141?
7, 163
What are the prime factors of 1048?
2, 131
What are the prime factors of 6024?
2, 3, 251
What are the prime factors of 4450?
2, 5, 89
What are the prime factors of 6848?
2, 107
What are the prime factors of 2876?
2, 719
What are the prime factors of 6341?
17, 373
List the prime factors of 8675.
5, 347
What are the prime factors of 33955?
5, 6791
List the prime factors of 1488.
2, 3, 31
What are the prime factors of 38148?
2, 3, 11, 17
List the prime factors of 5445.
3, 5, 11
List the prime factors of 1321.
1321
What are the prime factors of 19723?
11, 163
What are the prime factors of 6872?
2, 859
What are the prime factors of 4708?
2, 11, 107
List the prime factors of 30970.
2, 5, 19, 163
List the prime factors of 1396.
2, 349
What are the prime factors of 12587?
41, 307
What are the prime factors of 3338?
2, 1669
List the prime factors of 207714.
2, 3, 13, 2663
List the prime factors of 98936.
2, 83, 149
List the prime factors of 2226.
2, 3, 7, 53
List the prime factors of 5168.
2, 17, 19
List the prime factors of 14853.
3, 4951
List the prime factors of 4921.
7, 19, 37
List the prime factors of 2367.
3, 263
List the prime factors of 1945.
5, 389
What are the prime factors of 10093?
10093
List the prime factors of 782.
2, 17, 23
What are the prime factors of 224?
2, 7
What are the prime factors of 229?
229
What are the prime factors of 4386?
2, 3, 17, 43
What are the prime factors of 388?
2, 97
List the prime factors of 8913.
3, 2971
What are the prime factors of 1682?
2, 29
What are the prime factors of 18898?
2, 11, 859
List the prime factors of 1358.
2, 7, 97
List the prime factors of 4786.
2, 2393
What are the prime factors of 4214?
2, 7, 43
List the prime factors of 1038.
2, 3, 173
What are the prime factors of 2104?
2, 263
What are the prime factors of 9206?
2, 4603
List the prime factors of 36060.
2, 3, 5, 601
What are the prime factors of 4768?
2, 149
What are the prime factors of 4472?
2, 13, 43
What are the prime factors of 44211?
3, 14737
List the prime factors of 796.
2, 199
List the prime factors of 4726.
2, 17, 139
List the prime factors of 8445.
3, 5, 563
List the prime factors of 6229.
6229
List the prime factors of 908.
2, 227
List the prime factors of 28712.
2, 37, 97
What are the prime factors of 7123?
17, 419
What are the prime factors of 8132?
2, 19, 107
List the prime factors of 15420.
2, 3, 5, 257
What are the prime factors of 245?
5, 7
List the prime factors of 13230.
2, 3, 5, 7
What are the prime factors of 10712?
2, 13, 103
List the prime factors of 1700.
2, 5, 17
What are the prime factors of 51939?
3, 29, 199
What are the prime factors of 10804?
2, 37, 73
List the prime factors of 1080.
2, 3, 5
List the prime factors of 43426.
2, 21713
What are the prime factors of 2768?
2, 173
List the prime factors of 5774.
2, 2887
List the prime factors of 4394.
2, 13
List the prime factors of 3922.
2, 37, 53
What are the prime factors of 14024?
2, 1753
List the prime factors of 93299.
79, 1181
What are the prime factors of 123673?
11, 11243
What are the prime factors of 15593?
31, 503
What are the prime factors of 1022?
2, 7, 73
List the prime factors of 8183.
7, 167
List the prime factors of 1204.
2, 7, 43
List the prime factors of 26347.
26347
What are the prime factors of 372?
2, 3, 31
List the prime factors of 10865.
5, 41, 53
What are the prime factors of 20130?
2, 3, 5, 11, 61
What are the prime factors of 70338?
2, 3, 19, 617
List the prime factors of 29133.
3, 13, 83
What are the prime factors of 20285?
5, 4057
What are the prime factors of 3176?
2, 397
What are the prime factors of 675?
3, 5
List the prime factors of 3688.
2, 461
List the prime factors of 60842.
2, 29, 1049
What are the prime factors of 1663?
1663
What are the prime factors of 610?
2, 5, 61
List the prime factors of 1423.
1423
List the prime factors of 1227.
3, 409
List the prime factors of 10893.
3, 3631
List the prime factors of 69274.
2, 19, 1823
List the prime factors of 1243.
11, 113
List the prime factors of 31314.
2, 3, 17, 307
What are the prime factors of 5228?
2, 1307
What are the prime factors of 23880?
2, 3, 5, 199
List the prime factors of 450.
2, 3, 5
What are the prime factors of 22?
2, 11
List the prime factors of 64997.
64997
What are the prime factors of 17317?
17317
What are the prime factors of 3259?
3259
List the prime factors of 1305.
3, 5, 29
List the prime factors of 312.
2, 3, 13
List the prime factors of 2193.
3, 17, 43
List the prime factors of 109917.
3, 23, 59
What are the prime factors of 1584?
2, 3, 11
What are the prime factors of 14323?
14323
List the prime factors of 1709.
1709
List the prime factors of 254.
2, 127
What are the prime factors of 2857?
2857
List the prime factors of 66751.
66751
What are the prime factors of 673?
673
What are the prime factors of 4442?
2, 2221
What are the prime factors of 9663?
3, 3221
What are the prime factors of 7580?
2, 5, 379
List the prime factors of 86728.
2, 37, 293
List the prime factors of 480.
2, 3, 5
What are the prime factors of 26137?
59, 443
List the prime factors of 36207.
3, 149
List the prime factors of 95101.
95101
List the prime factors of 62423.
62423
List the prime factors of 3519.
3, 17, 23
What are the prime factors of 1221?
3, 11, 37
List the prime factors of 3560.
2, 5, 89
List the prime factors of 10012.
2, 2503
List the prime factors of 19691.
7, 29, 97
What are the prime factors of 8538?
2, 3, 1423
List the prime factors of 139430.
2, 5, 73, 191
What are the prime factors of 197200?
2, 5, 17, 29
What are the prime factors of 8330?
2, 5, 7, 17
What are the prime factors of 910?
2, 5, 7, 13
List the prime factors of 212.
2, 53
What are the prime factors of 284?
2, 71
List the prime factors of 4545.
3, 5, 101
List the prime factors of 1071.
3, 7, 17
What are the prime factors of 87106?
2, 97, 449
What are the prime factors of 823?
823
What are the prime factors of 119408?
2, 17, 439
What are the prime factors of 4742?
2, 2371
List the prime factors of 44358.
2, 3, 7393
What are the prime factors of 135875?
5, 1087
List the prime factors of 4732.
2, 7, 13
List the prime factors of 5243.
7, 107
What are the prime factors of 40353?
3, 13451
List the prime factors of 85208.
2, 10651
What are the prime factors of 40?
2, 5
What are the prime factors of 11503?
11503
List the prime factors of 7965.
3, 5, 59
What are the prime factors of 14909?
17, 877
What are the prime factors of 34997?
79, 443
List the prime factors of 34007.
31, 1097
What are the prime factors of 991?
991
List the prime factors of 10629.
3, 1181
What are the prime factors of 1745?
5, 349
What are the prime factors of 15805?
5, 29, 109
What are the prime factors of 1454?
2, 727
List the prime factors of 2712.
2, 3, 113
List the prime factors of 2085.
3, 5, 139
What are the prime factors of 59?
59
What are the prime factors of 35115?
3, 5, 2341
List the prime factors of 39340.
2, 5, 7, 281
What are the prime factors of 1597?
1597
List the prime factors of 2647.
2647
List the prime factors of 13739.
11, 1249
List the prime factors of 6936.
2, 3, 17
List the prime factors of 5623.
5623
List the prime factors of 1376.
2, 43
What are the prime factors of 8026?
2, 4013
What are the prime factors of 13122?
2, 3
What are the prime factors of 1904?
2, 7, 17
What are the prime factors of 19629?
3, 727
List the prime factors of 105792.
2, 3, 19, 29
What are the prime factors of 21043?
11, 1913
What are the prime factors of 123029?
17, 7237
List the prime factors of 6438.
2, 3, 29, 37
List the prime factors of 465.
3, 5, 31
List the prime factors of 5987.
5987
List the prime factors of 2705.
5, 541
What are the prime factors of 27554?
2, 23, 599
What are the prime factors of 6570?
2, 3, 5, 73
List the prime factors of 4263.
3, 7, 29
List the prime factors of 686.
2, 7
What are the prime factors of 38921?
38921
What are the pri